{"id":534,"date":"2021-03-29T21:55:25","date_gmt":"2021-03-29T21:55:25","guid":{"rendered":"https:\/\/elinahafer.de\/?page_id=534"},"modified":"2024-03-12T10:51:05","modified_gmt":"2024-03-12T10:51:05","slug":"malbuch_maedchen_starke_frauenberufe","status":"publish","type":"page","link":"https:\/\/elinahafer.de\/index.php\/malbuch_maedchen_starke_frauenberufe\/","title":{"rendered":"Malbuch f\u00fcr starke Frauenberufe"},"content":{"rendered":"\t\t<div data-elementor-type=\"wp-page\" data-elementor-id=\"534\" class=\"elementor elementor-534\">\n\t\t\t\t\t\t<section class=\"elementor-section elementor-top-section elementor-element elementor-element-0b9216f elementor-section-stretched elementor-section-boxed elementor-section-height-default elementor-section-height-default\" data-id=\"0b9216f\" data-element_type=\"section\" data-e-type=\"section\" data-settings=\"{&quot;stretch_section&quot;:&quot;section-stretched&quot;}\">\n\t\t\t\t\t\t<div class=\"elementor-container elementor-column-gap-default\">\n\t\t\t\t\t<div class=\"elementor-column elementor-col-33 elementor-top-column elementor-element elementor-element-572f7c7\" data-id=\"572f7c7\" data-element_type=\"column\" data-e-type=\"column\">\n\t\t\t<div class=\"elementor-widget-wrap elementor-element-populated\">\n\t\t\t\t\t\t<div class=\"elementor-element elementor-element-8ab7df7 elementor-widget elementor-widget-image\" data-id=\"8ab7df7\" data-element_type=\"widget\" data-e-type=\"widget\" data-widget_type=\"image.default\">\n\t\t\t\t<div class=\"elementor-widget-container\">\n\t\t\t\t\t\t\t\t\t\t\t\t\t\t\t<img fetchpriority=\"high\" decoding=\"async\" width=\"660\" height=\"990\" src=\"https:\/\/elinahafer.de\/wp-content\/uploads\/2023\/12\/Malbuch-683x1024.jpg\" class=\"attachment-large size-large wp-image-1541\" alt=\"\" \/>\t\t\t\t\t\t\t\t\t\t\t\t\t\t\t<\/div>\n\t\t\t\t<\/div>\n\t\t\t\t<div class=\"elementor-element elementor-element-5808ac0 elementor-align-center elementor-widget elementor-widget-button\" data-id=\"5808ac0\" data-element_type=\"widget\" data-e-type=\"widget\" data-widget_type=\"button.default\">\n\t\t\t\t<div class=\"elementor-widget-container\">\n\t\t\t\t\t\t\t\t\t<div class=\"elementor-button-wrapper\">\n\t\t\t\t\t<a class=\"elementor-button elementor-button-link elementor-size-xl\" href=\"https:\/\/amzn.to\/3RYQ4sg\">\n\t\t\t\t\t\t<span class=\"elementor-button-content-wrapper\">\n\t\t\t\t\t\t<span class=\"elementor-button-icon\">\n\t\t\t\t<i aria-hidden=\"true\" class=\"fab fa-amazon\"><\/i>\t\t\t<\/span>\n\t\t\t\t\t\t\t\t\t<span class=\"elementor-button-text\">MALBUCH - Kleine K\u00fcnstlerinnen, gro\u00dfe Tr\u00e4ume: Berufe zum Ausmalen (8,99 EUR)<\/span>\n\t\t\t\t\t<\/span>\n\t\t\t\t\t<\/a>\n\t\t\t\t<\/div>\n\t\t\t\t\t\t\t\t<\/div>\n\t\t\t\t<\/div>\n\t\t\t\t\t<\/div>\n\t\t<\/div>\n\t\t\t\t<div class=\"elementor-column elementor-col-66 elementor-top-column elementor-element elementor-element-c0c58fb\" data-id=\"c0c58fb\" data-element_type=\"column\" data-e-type=\"column\">\n\t\t\t<div class=\"elementor-widget-wrap elementor-element-populated\">\n\t\t\t\t\t\t<div class=\"elementor-element elementor-element-70489b1 elementor-widget elementor-widget-text-editor\" data-id=\"70489b1\" data-element_type=\"widget\" data-e-type=\"widget\" data-widget_type=\"text-editor.default\">\n\t\t\t\t<div class=\"elementor-widget-container\">\n\t\t\t\t\t\t\t\t\t<p>Die Grundlage f\u00fcr Female Empowerment, Gleichberechtigung und Equal Pay beginnt oft schon in der Kindheit, in den Gedanken und Visionen von jungen M\u00e4dchen. Unser inspirierendes Malbuch zielt genau darauf ab und richtet sich an <strong>M\u00e4dchen im Alter von 4 bis 10 Jahren<\/strong>. Es l\u00e4dt sie ein, in die Welt der beruflichen Tr\u00e4ume einzutauchen und starke weibliche Vorbilder kennenzulernen.<\/p><p>Jedes Motiv in diesem Buch wurde individuell und mit einer Hingabe zum Detail gestaltet. M\u00e4dchen k\u00f6nnen in diesen Ausmalbildern beeindruckende Frauen in aufregenden Berufen entdecken: <strong>von Architektinnen \u00fcber Mechanikerinnen, Politikerinnen, Chemikerinnen und Rennfahrerinnen bis hin zu Astronautinnen, K\u00fcnstlerinnen, Biologinnen, IT-Sicherheitsexpertinnen, Tier\u00e4rztinnen, Pilotinnen und Seglerinnen<\/strong>.<\/p><p>Diese detaillierten Ausmalbilder fangen die Faszination und den Stolz dieser Frauen in ihren Berufen ein und bieten den jungen M\u00e4dchen die M\u00f6glichkeit, ihre eigenen kreativen F\u00e4higkeiten zu entfalten.<\/p><p>Neben der Unterhaltung ist dieses Malbuch auch eine Chance, <strong>M\u00e4dchen zu ermutigen, ihre beruflichen Tr\u00e4ume zu verfolgen<\/strong>. Jede Seite ist von kurzen Geschichten begleitet, die erz\u00e4hlen, wie diese Frauen zu ihren Berufen inspiriert wurden. Diese Geschichten sollen die jungen Leserinnen motivieren und inspirieren.<\/p><p>Das Malbuch f\u00f6rdert die Vorstellungskraft, st\u00e4rkt das Selbstbewusstsein und vermittelt die Botschaft, dass M\u00e4dchen alles erreichen k\u00f6nnen, was sie sich vorstellen. Es ist eine Reise voller Farben, Tr\u00e4ume und Entdeckungen, die M\u00e4dchen ermutigt, an ihre F\u00e4higkeiten und ihr Potenzial zu glauben, w\u00e4hrend sie die Welt der beruflichen M\u00f6glichkeiten ausmalen.<\/p><p>Ein <strong>ideales Geschenk zur Einschulung, zum Geburtstag, zu Weihnachten oder einfach f\u00fcr zwischendurch<\/strong> &#8211; dieses Malbuch \u00f6ffnet T\u00fcren f\u00fcr M\u00e4dchen und ermutigt sie, ihre eigenen Wege zu gehen.<\/p>\t\t\t\t\t\t\t\t<\/div>\n\t\t\t\t<\/div>\n\t\t\t\t\t<\/div>\n\t\t<\/div>\n\t\t\t\t\t<\/div>\n\t\t<\/section>\n\t\t\t\t<section class=\"elementor-section elementor-top-section elementor-element elementor-element-06a71c3 elementor-section-stretched elementor-section-boxed elementor-section-height-default elementor-section-height-default\" data-id=\"06a71c3\" data-element_type=\"section\" data-e-type=\"section\" data-settings=\"{&quot;stretch_section&quot;:&quot;section-stretched&quot;}\">\n\t\t\t\t\t\t<div class=\"elementor-container elementor-column-gap-default\">\n\t\t\t\t\t<div class=\"elementor-column elementor-col-100 elementor-top-column elementor-element elementor-element-7bb4f27\" data-id=\"7bb4f27\" data-element_type=\"column\" data-e-type=\"column\">\n\t\t\t<div class=\"elementor-widget-wrap elementor-element-populated\">\n\t\t\t\t\t\t<div class=\"elementor-element elementor-element-82aaef7 elementor-arrows-position-inside elementor-pagination-position-outside elementor-widget elementor-widget-image-carousel\" data-id=\"82aaef7\" data-element_type=\"widget\" data-e-type=\"widget\" data-settings=\"{&quot;navigation&quot;:&quot;both&quot;,&quot;autoplay&quot;:&quot;yes&quot;,&quot;pause_on_hover&quot;:&quot;yes&quot;,&quot;pause_on_interaction&quot;:&quot;yes&quot;,&quot;autoplay_speed&quot;:5000,&quot;infinite&quot;:&quot;yes&quot;,&quot;speed&quot;:500}\" data-widget_type=\"image-carousel.default\">\n\t\t\t\t<div class=\"elementor-widget-container\">\n\t\t\t\t\t\t\t<div class=\"elementor-image-carousel-wrapper swiper\" role=\"region\" aria-roledescription=\"carousel\" aria-label=\"Bild Karussell\" dir=\"ltr\">\n\t\t\t<div class=\"elementor-image-carousel swiper-wrapper\" aria-live=\"off\">\n\t\t\t\t\t\t\t\t<div class=\"swiper-slide\" role=\"group\" aria-roledescription=\"slide\" aria-label=\"1 von 4\"><figure class=\"swiper-slide-inner\"><img decoding=\"async\" class=\"swiper-slide-image\" src=\"https:\/\/elinahafer.de\/wp-content\/uploads\/2023\/11\/Malbuch_Seite6-768x1152.png\" alt=\"Astronautin\" \/><\/figure><\/div><div class=\"swiper-slide\" role=\"group\" aria-roledescription=\"slide\" aria-label=\"2 von 4\"><figure class=\"swiper-slide-inner\"><img decoding=\"async\" class=\"swiper-slide-image\" src=\"https:\/\/elinahafer.de\/wp-content\/uploads\/2023\/11\/Malbuch_Seite8-768x1152.png\" alt=\"K\u00fcnstlerin\" \/><\/figure><\/div><div class=\"swiper-slide\" role=\"group\" aria-roledescription=\"slide\" aria-label=\"3 von 4\"><figure class=\"swiper-slide-inner\"><img decoding=\"async\" class=\"swiper-slide-image\" src=\"https:\/\/elinahafer.de\/wp-content\/uploads\/2023\/11\/Malbuch_Seite23-768x1152.png\" alt=\"Biologin\" \/><\/figure><\/div><div class=\"swiper-slide\" role=\"group\" aria-roledescription=\"slide\" aria-label=\"4 von 4\"><figure class=\"swiper-slide-inner\"><img decoding=\"async\" class=\"swiper-slide-image\" src=\"https:\/\/elinahafer.de\/wp-content\/uploads\/2023\/11\/Malbuch_Seite25-768x1152.png\" alt=\"Pilotin\" \/><\/figure><\/div>\t\t\t<\/div>\n\t\t\t\t\t\t\t\t\t\t\t\t<div class=\"elementor-swiper-button elementor-swiper-button-prev\" role=\"button\" tabindex=\"0\">\n\t\t\t\t\t\t<i aria-hidden=\"true\" class=\"eicon-chevron-left\"><\/i>\t\t\t\t\t<\/div>\n\t\t\t\t\t<div class=\"elementor-swiper-button elementor-swiper-button-next\" role=\"button\" tabindex=\"0\">\n\t\t\t\t\t\t<i aria-hidden=\"true\" class=\"eicon-chevron-right\"><\/i>\t\t\t\t\t<\/div>\n\t\t\t\t\n\t\t\t\t\t\t\t\t\t<div class=\"swiper-pagination\"><\/div>\n\t\t\t\t\t\t\t\t\t<\/div>\n\t\t\t\t\t\t<\/div>\n\t\t\t\t<\/div>\n\t\t\t\t\t<\/div>\n\t\t<\/div>\n\t\t\t\t\t<\/div>\n\t\t<\/section>\n\t\t\t\t<\/div>\n\t\t","protected":false},"excerpt":{"rendered":"<p>MALBUCH &#8211; Kleine K\u00fcnstlerinnen, gro\u00dfe Tr\u00e4ume: Berufe zum Ausmalen (8,99 EUR) Die Grundlage f\u00fcr Female Empowerment, Gleichberechtigung und Equal Pay beginnt oft schon in der Kindheit, in den Gedanken und Visionen von jungen M\u00e4dchen. Unser inspirierendes Malbuch zielt genau darauf ab und richtet sich an M\u00e4dchen im Alter von 4 bis 10 Jahren. Es l\u00e4dt [&hellip;]<\/p>\n","protected":false},"author":2,"featured_media":0,"parent":0,"menu_order":0,"comment_status":"closed","ping_status":"closed","template":"","meta":{"hide_page_title":"","footnotes":""},"class_list":["post-534","page","type-page","status-publish","hentry"],"yoast_head":"<!-- This site is optimized with the Yoast SEO plugin v27.3 - https:\/\/yoast.com\/product\/yoast-seo-wordpress\/ -->\n<title>Malbuch f\u00fcr starke Frauenberufe - elinahafer.de<\/title>\n<meta name=\"description\" content=\"27seitiges Malbuch f\u00fcr M\u00e4dchen mit 12 starken Berufen zum Ausmalen: Astronautin, Architektin, Chemikerin, IT Sicherheitsexpertin, ...\" \/>\n<meta name=\"robots\" content=\"index, follow, max-snippet:-1, max-image-preview:large, max-video-preview:-1\" \/>\n<link rel=\"canonical\" href=\"https:\/\/elinahafer.de\/index.php\/malbuch_maedchen_starke_frauenberufe\/\" \/>\n<meta property=\"og:locale\" content=\"de_DE\" \/>\n<meta property=\"og:type\" content=\"article\" \/>\n<meta property=\"og:title\" content=\"Malbuch f\u00fcr starke Frauenberufe - elinahafer.de\" \/>\n<meta property=\"og:description\" content=\"27seitiges Malbuch f\u00fcr M\u00e4dchen mit 12 starken Berufen zum Ausmalen: Astronautin, Architektin, Chemikerin, IT Sicherheitsexpertin, ...\" \/>\n<meta property=\"og:url\" content=\"https:\/\/elinahafer.de\/index.php\/malbuch_maedchen_starke_frauenberufe\/\" \/>\n<meta property=\"og:site_name\" content=\"elinahafer.de\" \/>\n<meta property=\"article:modified_time\" content=\"2024-03-12T10:51:05+00:00\" \/>\n<meta property=\"og:image\" content=\"https:\/\/elinahafer.de\/wp-content\/uploads\/2023\/12\/Malbuch-683x1024.jpg\" \/>\n<meta name=\"twitter:card\" content=\"summary_large_image\" \/>\n<meta name=\"twitter:label1\" content=\"Gesch\u00e4tzte Lesezeit\" \/>\n\t<meta name=\"twitter:data1\" content=\"4\u00a0Minuten\" \/>\n<script type=\"application\/ld+json\" class=\"yoast-schema-graph\">{\"@context\":\"https:\\\/\\\/schema.org\",\"@graph\":[{\"@type\":\"WebPage\",\"@id\":\"https:\\\/\\\/elinahafer.de\\\/index.php\\\/malbuch_maedchen_starke_frauenberufe\\\/\",\"url\":\"https:\\\/\\\/elinahafer.de\\\/index.php\\\/malbuch_maedchen_starke_frauenberufe\\\/\",\"name\":\"Malbuch f\u00fcr starke Frauenberufe - elinahafer.de\",\"isPartOf\":{\"@id\":\"https:\\\/\\\/elinahafer.de\\\/#website\"},\"primaryImageOfPage\":{\"@id\":\"https:\\\/\\\/elinahafer.de\\\/index.php\\\/malbuch_maedchen_starke_frauenberufe\\\/#primaryimage\"},\"image\":{\"@id\":\"https:\\\/\\\/elinahafer.de\\\/index.php\\\/malbuch_maedchen_starke_frauenberufe\\\/#primaryimage\"},\"thumbnailUrl\":\"https:\\\/\\\/elinahafer.de\\\/wp-content\\\/uploads\\\/2023\\\/12\\\/Malbuch-683x1024.jpg\",\"datePublished\":\"2021-03-29T21:55:25+00:00\",\"dateModified\":\"2024-03-12T10:51:05+00:00\",\"description\":\"27seitiges Malbuch f\u00fcr M\u00e4dchen mit 12 starken Berufen zum Ausmalen: Astronautin, Architektin, Chemikerin, IT Sicherheitsexpertin, ...\",\"breadcrumb\":{\"@id\":\"https:\\\/\\\/elinahafer.de\\\/index.php\\\/malbuch_maedchen_starke_frauenberufe\\\/#breadcrumb\"},\"inLanguage\":\"de\",\"potentialAction\":[{\"@type\":\"ReadAction\",\"target\":[\"https:\\\/\\\/elinahafer.de\\\/index.php\\\/malbuch_maedchen_starke_frauenberufe\\\/\"]}]},{\"@type\":\"ImageObject\",\"inLanguage\":\"de\",\"@id\":\"https:\\\/\\\/elinahafer.de\\\/index.php\\\/malbuch_maedchen_starke_frauenberufe\\\/#primaryimage\",\"url\":\"https:\\\/\\\/elinahafer.de\\\/wp-content\\\/uploads\\\/2023\\\/12\\\/Malbuch-e1701704400968.jpg\",\"contentUrl\":\"https:\\\/\\\/elinahafer.de\\\/wp-content\\\/uploads\\\/2023\\\/12\\\/Malbuch-e1701704400968.jpg\",\"width\":999,\"height\":934},{\"@type\":\"BreadcrumbList\",\"@id\":\"https:\\\/\\\/elinahafer.de\\\/index.php\\\/malbuch_maedchen_starke_frauenberufe\\\/#breadcrumb\",\"itemListElement\":[{\"@type\":\"ListItem\",\"position\":1,\"name\":\"Home\",\"item\":\"https:\\\/\\\/elinahafer.de\\\/\"},{\"@type\":\"ListItem\",\"position\":2,\"name\":\"Malbuch f\u00fcr starke Frauenberufe\"}]},{\"@type\":\"WebSite\",\"@id\":\"https:\\\/\\\/elinahafer.de\\\/#website\",\"url\":\"https:\\\/\\\/elinahafer.de\\\/\",\"name\":\"elinahafer.de\",\"description\":\"Female Founder\",\"publisher\":{\"@id\":\"https:\\\/\\\/elinahafer.de\\\/#organization\"},\"potentialAction\":[{\"@type\":\"SearchAction\",\"target\":{\"@type\":\"EntryPoint\",\"urlTemplate\":\"https:\\\/\\\/elinahafer.de\\\/?s={search_term_string}\"},\"query-input\":{\"@type\":\"PropertyValueSpecification\",\"valueRequired\":true,\"valueName\":\"search_term_string\"}}],\"inLanguage\":\"de\"},{\"@type\":\"Organization\",\"@id\":\"https:\\\/\\\/elinahafer.de\\\/#organization\",\"name\":\"elinahafer.de\",\"url\":\"https:\\\/\\\/elinahafer.de\\\/\",\"logo\":{\"@type\":\"ImageObject\",\"inLanguage\":\"de\",\"@id\":\"https:\\\/\\\/elinahafer.de\\\/#\\\/schema\\\/logo\\\/image\\\/\",\"url\":\"https:\\\/\\\/elinahafer.de\\\/wp-content\\\/uploads\\\/2021\\\/03\\\/cropped-Elina-Hafer-Logo-1.png\",\"contentUrl\":\"https:\\\/\\\/elinahafer.de\\\/wp-content\\\/uploads\\\/2021\\\/03\\\/cropped-Elina-Hafer-Logo-1.png\",\"width\":500,\"height\":500,\"caption\":\"elinahafer.de\"},\"image\":{\"@id\":\"https:\\\/\\\/elinahafer.de\\\/#\\\/schema\\\/logo\\\/image\\\/\"}}]}<\/script>\n<!-- \/ Yoast SEO plugin. -->","yoast_head_json":{"title":"Malbuch f\u00fcr starke Frauenberufe - elinahafer.de","description":"27seitiges Malbuch f\u00fcr M\u00e4dchen mit 12 starken Berufen zum Ausmalen: Astronautin, Architektin, Chemikerin, IT Sicherheitsexpertin, ...","robots":{"index":"index","follow":"follow","max-snippet":"max-snippet:-1","max-image-preview":"max-image-preview:large","max-video-preview":"max-video-preview:-1"},"canonical":"https:\/\/elinahafer.de\/index.php\/malbuch_maedchen_starke_frauenberufe\/","og_locale":"de_DE","og_type":"article","og_title":"Malbuch f\u00fcr starke Frauenberufe - elinahafer.de","og_description":"27seitiges Malbuch f\u00fcr M\u00e4dchen mit 12 starken Berufen zum Ausmalen: Astronautin, Architektin, Chemikerin, IT Sicherheitsexpertin, ...","og_url":"https:\/\/elinahafer.de\/index.php\/malbuch_maedchen_starke_frauenberufe\/","og_site_name":"elinahafer.de","article_modified_time":"2024-03-12T10:51:05+00:00","og_image":[{"url":"https:\/\/elinahafer.de\/wp-content\/uploads\/2023\/12\/Malbuch-683x1024.jpg","type":"","width":"","height":""}],"twitter_card":"summary_large_image","twitter_misc":{"Gesch\u00e4tzte Lesezeit":"4\u00a0Minuten"},"schema":{"@context":"https:\/\/schema.org","@graph":[{"@type":"WebPage","@id":"https:\/\/elinahafer.de\/index.php\/malbuch_maedchen_starke_frauenberufe\/","url":"https:\/\/elinahafer.de\/index.php\/malbuch_maedchen_starke_frauenberufe\/","name":"Malbuch f\u00fcr starke Frauenberufe - elinahafer.de","isPartOf":{"@id":"https:\/\/elinahafer.de\/#website"},"primaryImageOfPage":{"@id":"https:\/\/elinahafer.de\/index.php\/malbuch_maedchen_starke_frauenberufe\/#primaryimage"},"image":{"@id":"https:\/\/elinahafer.de\/index.php\/malbuch_maedchen_starke_frauenberufe\/#primaryimage"},"thumbnailUrl":"https:\/\/elinahafer.de\/wp-content\/uploads\/2023\/12\/Malbuch-683x1024.jpg","datePublished":"2021-03-29T21:55:25+00:00","dateModified":"2024-03-12T10:51:05+00:00","description":"27seitiges Malbuch f\u00fcr M\u00e4dchen mit 12 starken Berufen zum Ausmalen: Astronautin, Architektin, Chemikerin, IT Sicherheitsexpertin, ...","breadcrumb":{"@id":"https:\/\/elinahafer.de\/index.php\/malbuch_maedchen_starke_frauenberufe\/#breadcrumb"},"inLanguage":"de","potentialAction":[{"@type":"ReadAction","target":["https:\/\/elinahafer.de\/index.php\/malbuch_maedchen_starke_frauenberufe\/"]}]},{"@type":"ImageObject","inLanguage":"de","@id":"https:\/\/elinahafer.de\/index.php\/malbuch_maedchen_starke_frauenberufe\/#primaryimage","url":"https:\/\/elinahafer.de\/wp-content\/uploads\/2023\/12\/Malbuch-e1701704400968.jpg","contentUrl":"https:\/\/elinahafer.de\/wp-content\/uploads\/2023\/12\/Malbuch-e1701704400968.jpg","width":999,"height":934},{"@type":"BreadcrumbList","@id":"https:\/\/elinahafer.de\/index.php\/malbuch_maedchen_starke_frauenberufe\/#breadcrumb","itemListElement":[{"@type":"ListItem","position":1,"name":"Home","item":"https:\/\/elinahafer.de\/"},{"@type":"ListItem","position":2,"name":"Malbuch f\u00fcr starke Frauenberufe"}]},{"@type":"WebSite","@id":"https:\/\/elinahafer.de\/#website","url":"https:\/\/elinahafer.de\/","name":"elinahafer.de","description":"Female Founder","publisher":{"@id":"https:\/\/elinahafer.de\/#organization"},"potentialAction":[{"@type":"SearchAction","target":{"@type":"EntryPoint","urlTemplate":"https:\/\/elinahafer.de\/?s={search_term_string}"},"query-input":{"@type":"PropertyValueSpecification","valueRequired":true,"valueName":"search_term_string"}}],"inLanguage":"de"},{"@type":"Organization","@id":"https:\/\/elinahafer.de\/#organization","name":"elinahafer.de","url":"https:\/\/elinahafer.de\/","logo":{"@type":"ImageObject","inLanguage":"de","@id":"https:\/\/elinahafer.de\/#\/schema\/logo\/image\/","url":"https:\/\/elinahafer.de\/wp-content\/uploads\/2021\/03\/cropped-Elina-Hafer-Logo-1.png","contentUrl":"https:\/\/elinahafer.de\/wp-content\/uploads\/2021\/03\/cropped-Elina-Hafer-Logo-1.png","width":500,"height":500,"caption":"elinahafer.de"},"image":{"@id":"https:\/\/elinahafer.de\/#\/schema\/logo\/image\/"}}]}},"post_mailing_queue_ids":[],"_links":{"self":[{"href":"https:\/\/elinahafer.de\/index.php\/wp-json\/wp\/v2\/pages\/534","targetHints":{"allow":["GET"]}}],"collection":[{"href":"https:\/\/elinahafer.de\/index.php\/wp-json\/wp\/v2\/pages"}],"about":[{"href":"https:\/\/elinahafer.de\/index.php\/wp-json\/wp\/v2\/types\/page"}],"author":[{"embeddable":true,"href":"https:\/\/elinahafer.de\/index.php\/wp-json\/wp\/v2\/users\/2"}],"replies":[{"embeddable":true,"href":"https:\/\/elinahafer.de\/index.php\/wp-json\/wp\/v2\/comments?post=534"}],"version-history":[{"count":79,"href":"https:\/\/elinahafer.de\/index.php\/wp-json\/wp\/v2\/pages\/534\/revisions"}],"predecessor-version":[{"id":1704,"href":"https:\/\/elinahafer.de\/index.php\/wp-json\/wp\/v2\/pages\/534\/revisions\/1704"}],"wp:attachment":[{"href":"https:\/\/elinahafer.de\/index.php\/wp-json\/wp\/v2\/media?parent=534"}],"curies":[{"name":"wp","href":"https:\/\/api.w.org\/{rel}","templated":true}]}}